lculate the remainder when 57884 is divided by 793.
788
Calculate the remainder when 188597 is divided by 51.
50
Calculate the remainder when 2115 is divided by 668.
111
What is the remainder when 501 is divided by 187?
127
Calculate the remainder when 86546 is divided by 4121.
5
What is the remainder when 7241 is divided by 1216?
1161
Calculate the remainder when 12524 is divided by 834.
14
What is the remainder when 12214 is divided by 6?
4
What is the remainder when 184226 is divided by 1523?
1466
What is the remainder when 8873 is divided by 52?
33
Calculate the remainder when 16935 is divided by 110.
105
Calculate the remainder when 1602 is divided by 495.
117
Calculate the remainder when 7884 is divided by 156.
84
What is the remainder when 41782 is divided by 12?
10
What is the remainder when 34092 is divided by 494?
6
Calculate the remainder when 784 is divided by 457.
327
Calculate the remainder when 1206 is divided by 125.
81
What is the remainder when 3448 is divided by 679?
53
Calculate the remainder when 2354551 is divided by 35.
31
What is the remainder when 3393686 is divided by 382?
380
What is the remainder when 2754 is divided by 269?
64
Calculate the remainder when 21756 is divided by 256.
252
What is the remainder when 3786 is divided by 139?
33
Calculate the remainder when 5517 is divided by 503.
487
Calculate the remainder when 68591 is divided by 68577.
14
What is the remainder when 405434 is divided by 1189?
1174
Calculate the remainder when 2222 is divided by 549.
26
Calculate the remainder when 2188 is divided by 252.
172
Calculate the remainder when 91516 is divided by 14.
12
What is the remainder when 1252 is divided by 18?
10
What is the remainder when 4066321 is divided by 523?
519
Calculate the remainder when 15938 is divided by 452.
118
What is the remainder when 15311 is divided by 7607?
97
Calculate the remainder when 40548 is divided by 89.
53
Calculate the remainder when 303196 is divided by 281.
278
What is the remainder when 3065 is divided by 87?
20
Calculate the remainder when 363 is divided by 164.
35
What is the remainder when 3159 is divided by 1085?
989
Calculate the remainder when 1938 is divided by 1133.
805
Calculate the remainder when 96407 is divided by 4.
3
Calculate the remainder when 21833 is divided by 3637.
11
What is the remainder when 2429 is divided by 162?
161
What is the remainder when 518 is divided by 163?
29
What is the remainder when 1220861 is divided by 23?
21
What is the remainder when 102886 is divided by 1106?
28
What is the remainder when 2064 is divided by 950?
164
Calculate the remainder when 1743226 is divided by 11033.
12
Calculate the remainder when 425597 is divided by 89.
88
What is the remainder when 1146 is divided by 56?
26
What is the remainder when 18300 is divided by 1220?
0
Calculate the remainder when 2994 is divided by 406.
152
What is the remainder when 352594 is divided by 1463?
11
What is the remainder when 72672 is divided by 316?
308
What is the remainder when 828284 is divided by 307?
305
What is the remainder when 6738 is divided by 374?
6
What is the remainder when 15836 is divided by 184?
12
Calculate the remainder when 6401 is divided by 31.
15
Calculate the remainder when 67812 is divided by 199.
152
What is the remainder when 163807 is divided by 116?
15
Calculate the remainder when 91502 is divided by 304.
302
Calculate the remainder when 227914 is divided by 227905.
9
What is the remainder when 202154 is divided by 665?
659
Calculate the remainder when 19252 is divided by 2748.
16
Calculate the remainder when 1258918 is divided by 260.
258
What is the remainder when 126431 is divided by 20?
11
What is the remainder when 12901 is divided by 494?
57
Calculate the remainder when 118100 is divided by 23.
18
Calculate the remainder when 32999 is divided by 10.
9
Calculate the remainder when 18157 is divided by 173.
165
What is the remainder when 340673 is divided by 23?
20
What is the remainder when 7310 is divided by 16?
14
What is the remainder when 94519 is divided by 47218?
83
What is the remainder when 133582 is divided by 506?
504
What is the remainder when 8937 is divided by 8913?
24
What is the remainder when 43056 is divided by 80?
16
What is the remainder when 797416 is divided by 48?
40
Calculate the remainder when 2045 is divided by 574.
323
Calculate the remainder when 305 is divided by 11.
8
Calculate the remainder when 319521 is divided by 130.
111
Calculate the remainder when 3855 is divided by 99.
93
Calculate the remainder when 20196 is divided by 91.
85
What is the remainder when 1158845 is divided by 953?
950
Calculate the remainder when 54269 is divided by 27.
26
Calculate the remainder when 169111 is divided by 169082.
29
What is the remainder when 215887 is divided by 14?
7
What is the remainder when 2979 is divided by 1025?
929
What is the remainder when 7691 is divided by 15?
11
What is the remainder when 1966 is divided by 105?
76
Calculate the remainder when 9706 is divided by 2095.
1326
What is the remainder when 9624 is divided by 387?
336
Calculate the remainder when 78276 is divided by 61.
13
What is the remainder when 2481 is divided by 496?
1
Calculate the remainder when 1458 is divided by 256.
178
What is the remainder when 1879 is divided by 1871?
8
What is the remainder when 119421 is divided by 6285?
6
Calculate the remainder when 3521 is divided by 56.
49
Calculate the remainder when 350098 is divided by 100.
98
What is the remainder when 67047 is divided by 50?
47
Calculate the remainder when 136474 is divided by 209.
206
What is the remainder when 5569 is divided by 17?
10
What is the remainder when 510075 is divided by 239?
49
What is the remainder when 6051 is divided by 415?
241
What is the remainder when 18494 is divided by 529?
508
What is the remainder when 18784 is divided by 820?
744
What is the remainder when 9244 is divided by 304?
124
What is the remainder when 1318034 is divided by 41?
7
Calculate the remainder when 4754 is divided by 996.
770
What is the remainder when 26126 is divided by 47?
41
Calculate the remainder when 34985 is divided by 443.
431
What is the remainder when 1888 is divided by 25?
13
Calculate the remainder when 4949 is divided by 1592.
173
What is the remainder when 10786 is divided by 148?
130
Calculate the remainder when 3927 is divided by 40.
7
What is the remainder when 13045 is divided by 9?
4
Calculate the remainder when 13547 is divided by 271.
268
Calculate the remainder when 319788 is divided by 172.
40
Calculate the remainder when 30493 is divided by 508.
13
What is the remainder when 311297 is divided by 62?
57
Calculate the remainder when 19890 is divided by 32.
18
What is the remainder when 52219 is divided by 272?
267
What is the remainder when 2599 is divided by 432?
7
Calculate the remainder when 17800 is divided by 107.
38
What is the remainder when 66330 is divided by 22041?
207
Calculate the remainder when 14154 is divided by 28.
14
Calculate the remainder when 5511 is divided by 5498.
13
What is the remainder when 10608 is divided by 295?
283
What is the remainder when 162239 is divided by 40558?
7
What is the remainder when 1590 is divided by 84?
78
Calculate the remainder when 205 is divided by 3.
1
What is the remainder when 120382 is divided by 11?
9
What is the remainder when 69175 is divided by 233?
207
What is the remainder when 276296 is divided by 177?
176
Calculate the remainder when 703073 is divided by 58.
55
What is the remainder when 46723 is divided by 687?
7
Calculate the remainder when 723 is divided by 341.
41
What is the remainder when 84154 is divided by 6009?
28
Calculate the remainder when 9603 is divided by 551.
236
Calculate the remainder when 21134 is divided by 3319.
1220
What is the remainder when 117332 is divided by 254?
238
What is the remainder when 27183 is divided by 275?
233
Calculate the remainder when 771 is divided by 281.
209
What is the remainder when 8340 is divided by 44?
24
What is the remainder when 7408 is divided by 113?
63
Calculate the remainder when 1619 is divided by 644.
331
What is the remainder when 56633 is divided by 758?
541
What is the remainder when 8543142 is divided by 39?
36
Calculate the remai